{"id":1893,"date":"2023-11-26T12:10:48","date_gmt":"2023-11-26T11:10:48","guid":{"rendered":"https:\/\/coachista.eu\/coachista\/?page_id=1893"},"modified":"2023-12-21T19:57:05","modified_gmt":"2023-12-21T18:57:05","slug":"datenschutz","status":"publish","type":"page","link":"https:\/\/www.nikolakrenzler.de\/?page_id=1893","title":{"rendered":"Datenschutz"},"content":{"rendered":"\n<p>Die Betreiberin dieser Seiten nimmt den Schutz Ihrer pers\u00f6nlichen Daten sehr&nbsp;ernst. Ich behandle Ihre personenbezogenen Daten vertraulich und entsprechend&nbsp;der gesetzlichen Datenschutzvorschriften sowie dieser Datenschutzerkl\u00e4rung.<\/p>\n\n\n\n<p>Die Nutzung meiner Webseite ist in der Regel ohne Angabe personenbezogener&nbsp;Daten m\u00f6glich. Soweit auf meinen Seiten personenbezogene Daten&nbsp;(beispielsweise Name, Anschrift oder E-Mail-Adressen) erhoben werden, erfolgt&nbsp;dies, soweit m\u00f6glich, stets auf freiwilliger Basis. Diese Daten werden ohne Ihre&nbsp;ausdr\u00fcckliche Zustimmung nicht an Dritte weitergegeben.<\/p>\n\n\n\n<p>Ich weise darauf hin, dass die Daten\u00fcbertragung im Internet (z.B. bei der&nbsp;Kommunikation per E-Mail) Sicherheitsl\u00fccken aufweisen kann. Ein l\u00fcckenloser&nbsp;Schutz der Daten vor dem Zugriff durch Dritte ist nicht m\u00f6glich.<\/p>\n\n\n\n<p><strong>Welche Arten von Informationen erhebe ich?<\/strong><\/p>\n\n\n\n<p>Meine Website kann grunds\u00e4tzlich ohne Registrierung besucht werden. Dabei&nbsp;werden Daten wie beispielsweise aufgerufene Seiten bzw. Namen der&nbsp;abgerufenen Datei, Datum und Uhrzeit zu statistischen Zwecken auf dem Server&nbsp;gespeichert, ohne dass diese Daten unmittelbar auf Ihre Person bezogen werden.<\/p>\n\n\n\n<p>Personenbezogene Daten, insbesondere Name, Adresse oder E-Mail-Adresse&nbsp;werden soweit m\u00f6glich auf freiwilliger Basis erhoben. Ohne Ihre Einwilligung&nbsp;erfolgt keine Weitergabe der Daten an Dritte.&nbsp;Wenn Sie meine Site besuchen, erhebe ich bestimmte Informationen zum Routing&nbsp;sowie zu technischen Daten Ihres Computers, um Ihnen die Nutzung meiner Seite&nbsp;zu erleichtern. Ich registriere zum Beispiel Umgebungsdaten wie den Browsertyp,&nbsp;das Betriebssystem und die Geschwindigkeit Ihres Zentralrechners sowie die&nbsp;Internet Protokoll-Adresse Ihres urspr\u00fcnglichen Internet Service Providers, um&nbsp;den Service f\u00fcr Sie zu optimieren. Ich speichere auch Suchanfragen und&nbsp;Ergebnisse, um die Genauigkeit und Effizienz meiner Suchmaschine zu verbessern.&nbsp;Ich nutze Ihre IP-Adresse, um Ihre Nutzung dieser Site verfolgen zu k\u00f6nnen.<\/p>\n\n\n\n<p><strong>An wen gebe ich Ihre Daten weiter?<\/strong><\/p>\n\n\n\n<p>Ich verkaufe Ihre Email-Adresse oder andere Sie identifizierende Informationen\u00a0nicht an Dritte weiter.\u00a0Ich gebe Informationen \u00fcber Sie an andere weiter, wenn ich im guten Glauben\u00a0bin, von Rechts wegen oder aufgrund eines rechtlichen Verfahrens dazu\u00a0angehalten zu sein, auf Forderungen reagieren oder die Rechte, das Eigentum oder die Sicherheit von uns oder anderer sch\u00fctzen zu m\u00fcssen.<\/p>\n\n\n\n<p><strong>Cookies<\/strong><\/p>\n\n\n\n<p>Die Internetseiten verwenden teilweise so genannte Cookies. Cookies richten auf&nbsp;Ihrem Rechner keinen Schaden an und enthalten keine Viren. Cookies dienen&nbsp;dazu, mein Angebot nutzerfreundlicher, effektiver und sicherer zu machen.Cookies sind kleine Textdateien, die auf Ihrem Rechner abgelegt werden und die&nbsp;Ihr Browser speichert.&nbsp;Die meisten der von mir verwendeten Cookies sind so genannte \u201eSession-Cookies\u201c. Sie werden nach Ende Ihres Besuchs automatisch gel\u00f6scht. Andere&nbsp;Cookies bleiben auf Ihrem Endger\u00e4t gespeichert, bis Sie diese l\u00f6schen. Diese&nbsp;Cookies erm\u00f6glichen es mir, Ihren Browser beim n\u00e4chsten Besuch&nbsp;wiederzuerkennen.<\/p>\n\n\n\n<p>Sie k\u00f6nnen Ihren Browser so einstellen, dass Sie \u00fcber das Setzen von Cookies&nbsp;informiert werden und Cookies nur im Einzelfall erlauben, die Annahme von&nbsp;Cookies f\u00fcr bestimmte F\u00e4lle oder generell ausschlie\u00dfen sowie das automatische&nbsp;L\u00f6schen der Cookies beim Schlie\u00dfen des Browsers aktivieren. Bei der&nbsp;Deaktivierung von Cookies kann die Funktionalit\u00e4t dieser Website eingeschr\u00e4nkt&nbsp;sein.<\/p>\n\n\n\n<p><strong>Server-Log-Files<\/strong><\/p>\n\n\n\n<p>Der Provider der Seiten erhebt und speichert automatisch Informationen in sogenannten Server-Log Files, die Ihr Browser automatisch an mich \u00fcbermittelt. Dies&nbsp;sind:<\/p>\n\n\n\n<p>\u00b7&nbsp;Browsertyp und Browserversion<\/p>\n\n\n\n<p>\u00b7&nbsp;verwendetes Betriebssystem<\/p>\n\n\n\n<p>\u00b7&nbsp;Referrer URL<\/p>\n\n\n\n<p>\u00b7&nbsp;Hostname des zugreifenden Rechners<\/p>\n\n\n\n<p>\u00b7&nbsp;Uhrzeit der Serveranfrage<\/p>\n\n\n\n<p>Diese Daten sind nicht bestimmten Personen zuordenbar. Eine Zusammenf\u00fchrung&nbsp;dieser Daten mit anderen Datenquellen wird nicht vorgenommen. Ich behalte mir&nbsp;vor, diese Daten nachtr\u00e4glich zu pr\u00fcfen, wenn mir konkrete Anhaltspunkte f\u00fcr&nbsp;eine rechtswidrige Nutzung bekannt werden.<\/p>\n\n\n\n<p><strong>Kontaktformular<\/strong><\/p>\n\n\n\n<p>Wenn Sie mir per Kontaktformular Anfragen zukommen lassen, werden Ihre&nbsp;Angaben aus dem Anfrageformular inklusive der von Ihnen dort angegebenen&nbsp;Kontaktdaten zwecks Bearbeitung der Anfrage und f\u00fcr den Fall von&nbsp;Anschlussfragen bei mir gespeichert. Diese Daten gebe ich nicht ohne Ihre&nbsp;Einwilligung weiter.<\/p>\n\n\n\n<p><strong>Datenschutzerkl\u00e4rung f\u00fcr die Nutzung von Google Analytics<\/strong><\/p>\n\n\n\n<p>Diese Webseite benutzt Google Analytics, einen Webanalysedienst der Google Inc.(\u201eGoogle\u201c). Google Analytics verwendet sog. \u201eCookies\u201c, Textdateien, die auf&nbsp;Computer &nbsp;der Nutzer gespeichert werden und die eine Analyse der Benutzung der&nbsp;Website durch sie erm\u00f6glichen. Die durch den Cookie erzeugten Informationen&nbsp;\u00fcber Benutzung dieser Website durch die Nutzer werden in der Regel an einen&nbsp;Server von Google in den USA \u00fcbertragen und dort gespeichert. Auf dieser&nbsp;Webseite wurde die IP Anonymisierung aktiviert, so dass die IP-Adresse der&nbsp;Nutzer von Google innerhalb von Mitgliedstaaten der Europ\u00e4ischen Union oder in&nbsp;anderen Vertragsstaaten des Abkommens \u00fcber den Europ\u00e4ischen&nbsp;Wirtschaftsraum zuvor gek\u00fcrzt wird. Nur in Ausnahmef\u00e4llen wird die volle IP-&nbsp;Adresse an einen Server von Google in den USA \u00fcbertragen und dort gek\u00fcrzt. Im&nbsp;Auftrag des Betreibers dieser Website wird Google diese Informationen benutzen,&nbsp;um die Nutzung der Website durch die Nutzer auszuwerten, um Reports \u00fcber die&nbsp;Websiteaktivit\u00e4ten zusammenzustellen und um weitere mit der Websitenutzung&nbsp;und der Internetnutzung verbundene Dienstleistungen gegen\u00fcber dem&nbsp;Websitebetreiber zu erbringen. Die im Rahmen von Google Analytics von Ihrem&nbsp;Browser \u00fcbermittelte IP-Adresse wird nicht mit anderen Daten von Google&nbsp;zusammengef\u00fchrt. Sie k\u00f6nnen die Speicherung der Cookies durch eine&nbsp;entsprechende Einstellung Ihrer Browser-Software verhindern; Dieses Angebot&nbsp;weist die Nutzer jedoch darauf hin, dass Sie in diesem Fall gegebenenfalls nicht&nbsp;s\u00e4mtliche Funktionen dieser Website vollumf\u00e4nglich werden nutzen k\u00f6nnen. Die&nbsp;Nutzer k\u00f6nnen dar\u00fcber hinaus die Erfassung der durch das Cookie erzeugten und&nbsp;auf ihre Nutzung der Website bezogenen Daten (inkl. Ihrer IP-Adresse) an Google&nbsp;sowie die Verarbeitung dieser Daten durch Google verhindern, indem sie das&nbsp;unter dem folgenden Link verf\u00fcgbare Browser-Plugin herunterladen und&nbsp;installieren. Der aktuelle Link ist:&nbsp;http:\/\/tools.google.com\/dlpage\/gaoptout?hl=de<\/p>\n\n\n\n<p><strong>Browser Plugin<\/strong><\/p>\n\n\n\n<p>Sie k\u00f6nnen die Speicherung der Cookies durch eine entsprechende Einstellung&nbsp;Ihrer Browser-Software verhindern; wir weisen Sie jedoch darauf hin, dass Sie in&nbsp;diesem Fall gegebenenfalls nicht s\u00e4mtliche Funktionen dieser Website&nbsp;vollumf\u00e4nglich werden nutzen k\u00f6nnen. Sie k\u00f6nnen dar\u00fcber hinaus die Erfassung&nbsp;der durch den Cookie erzeugten und auf Ihre Nutzung der Website bezogenen&nbsp;Daten (inkl. Ihrer IP-Adresse) an Google sowie die Verarbeitung dieser Daten&nbsp;durch Google verhindern, indem Sie das unter dem folgenden Link verf\u00fcgbare&nbsp;Browser-Plugin herunterladen und&nbsp;installieren:&nbsp;https:\/\/tools.google.com\/dlpage\/gaoptout?hl=de<\/p>\n\n\n\n<p><strong>Sicherheit Ihrer Daten<\/strong><\/p>\n\n\n\n<p>Ihre mir zur Verf\u00fcgung gestellten pers\u00f6nlichen Daten werden durch Ergreifen aller&nbsp;technischen sowie organisatorischen Sicherheitsma\u00dfnahmen so gesichert, dass sie&nbsp;f\u00fcr den Zugriff unberechtigter Dritter unzug\u00e4nglich sind. Bei Versendung von sehr&nbsp;sensiblen Daten oder Informationen ist es empfehlenswert, den Postweg zu&nbsp;nutzen, da eine vollst\u00e4ndige Datensicherheit per E-Mail nicht gew\u00e4hrleistet&nbsp;werden kann.<\/p>\n\n\n\n<p><strong>Dauer der Speicherung<\/strong><\/p>\n\n\n\n<p>Die von Ihnen zur Verf\u00fcgung gestellten personenbezogenen Daten werden f\u00fcr die&nbsp;Dauer der Nutzung der Website oder f\u00fcr den Fall der Durchf\u00fchrung von&nbsp;Informations-, Dienst- oder Serviceleistungen bis zum Ablauf der gesetzlichen&nbsp;Speicherfrist von uns unter Ber\u00fccksichtigung der Grundprinzipien der DSGVO und&nbsp;BDSG im zul\u00e4ssigen Umfang gespeichert.<\/p>\n\n\n\n<p><strong>Auskunft, L\u00f6schung, Sperrung<\/strong><\/p>\n\n\n\n<p>Sie haben jederzeit das Recht auf unentgeltliche Auskunft \u00fcber Ihre gespeicherten&nbsp;personenbezogenen Daten, deren Herkunft und Empf\u00e4nger und den Zweck der&nbsp;Datenverarbeitung sowie ein Recht auf Berichtigung, Sperrung oder L\u00f6schung&nbsp;dieser Daten. Hierzu sowie zu weiteren Fragen zum Thema personenbezogene&nbsp;Daten k\u00f6nnen Sie sich jederzeit unter der im Impressum angegebenen Adresse an&nbsp;mich wenden.&nbsp;Sie k\u00f6nnen eine Beschwerde an die zust\u00e4ndige Aufsichtsbeh\u00f6rde : bayerisches&nbsp;Landesamt f\u00fcr&nbsp;Datenschutzaufsicht:&nbsp;https:\/\/www.lda.bayern.de\/de\/beschwerde.html&nbsp;senden.<\/p>\n\n\n\n<p><strong>Widerspruch Werbe-Mails<\/strong><\/p>\n\n\n\n<p>Der Nutzung von im Rahmen der Impressumspflicht ver\u00f6ffentlichten Kontaktdaten&nbsp;zur \u00dcbersendung von nicht ausdr\u00fccklich angeforderter Werbung und&nbsp;Informationsmaterialien wird hiermit widersprochen. Die Betreiber der Seiten&nbsp;behalten sich ausdr\u00fccklich rechtliche Schritte im Falle der unverlangten&nbsp;Zusendung von Werbeinformationen, etwa durch Spam-E-Mails, vor.<\/p>\n\n\n\n<p>https:\/www.e-recht24.de<\/p>\n\n\n\n<p>Wir messen den Schutz Ihrer pers\u00f6nlichen Daten gro\u00dfe Bedeutung bei. Wir behandeln Ihre personenbezogenen Daten vertraulich und entsprechend der gesetzlichen Datenschutzvorschriften sowie dieser Datenschutzerkl\u00e4rung.<\/p>\n\n\n\n<p>Die Nutzung unserer Webseite ist in der Regel ohne Angabe personenbezogener Daten m\u00f6glich. Soweit auf unseren Seiten personenbezogene Daten (beispielsweise Name, Anschrift oder E-Mail-Adressen) erhoben werden, erfolgt dies, soweit m\u00f6glich, stets auf freiwilliger Basis. Diese Daten werden ohne Ihre ausdr\u00fcckliche Zustimmung nicht an Dritte weitergegeben.<\/p>\n\n\n\n<p>Wir weisen darauf hin, dass die Daten\u00fcbertragung im Internet (z.B. bei der Kommunikation per E-Mail) Sicherheitsl\u00fccken aufweisen kann. Ein l\u00fcckenloser Schutz der Daten vor dem Zugriff durch Dritte ist nicht m\u00f6glich.<\/p>\n\n\n\n<p><strong>Cookies<\/strong><\/p>\n\n\n\n<p>Die Internetseiten verwenden teilweise so genannte Cookies. Cookies richten auf Ihrem Rechner keinen Schaden an und enthalten keine Viren. Cookies dienen dazu, unser Angebot nutzerfreundlicher, effektiver und sicherer zu machen. Cookies sind kleine Textdateien, die auf Ihrem Rechner abgelegt werden und die Ihr Browser speichert.<\/p>\n\n\n\n<p>Die meisten der von uns verwendeten Cookies sind so genannte \u201eSession-Cookies\u201c. Sie werden nach Ende Ihres Besuchs automatisch gel\u00f6scht. Andere Cookies bleiben auf Ihrem Endger\u00e4t gespeichert, bis Sie diese l\u00f6schen. Diese Cookies erm\u00f6glichen es uns, Ihren Browser beim n\u00e4chsten Besuch wiederzuerkennen.<\/p>\n\n\n\n<p>Sie k\u00f6nnen Ihren Browser so einstellen, dass Sie \u00fcber das Setzen von Cookies informiert werden und Cookies nur im Einzelfall erlauben, die Annahme von Cookies f\u00fcr bestimmte F\u00e4lle oder generell ausschlie\u00dfen sowie das automatische L\u00f6schen der Cookies beim Schlie\u00dfen des Browser aktivieren. Bei der Deaktivierung von Cookies kann die Funktionalit\u00e4t dieser Website eingeschr\u00e4nkt sein.<\/p>\n\n\n\n<p><strong>Server-Log-Files<\/strong><\/p>\n\n\n\n<p>Der Provider der Seiten erhebt und speichert automatisch Informationen in so genannten Server-Log Files, die Ihr Browser automatisch an uns \u00fcbermittelt. Dies sind:<\/p>\n\n\n\n<ul class=\"wp-block-list\">\n<li>Browsertyp\/ Browserversion<\/li>\n\n\n\n<li>verwendetes Betriebssystem<\/li>\n\n\n\n<li>Referrer URL<\/li>\n\n\n\n<li>Hostname des zugreifenden Rechners<\/li>\n\n\n\n<li>Uhrzeit der Serveranfrage<\/li>\n<\/ul>\n\n\n\n<p>Diese Daten sind nicht bestimmten Personen zuordenbar. Eine Zusammenf\u00fchrung dieser Daten mit anderen Datenquellen wird nicht vorgenommen. Wir behalten uns vor, diese Daten nachtr\u00e4glich zu pr\u00fcfen, wenn uns konkrete Anhaltspunkte f\u00fcr eine rechtswidrige Nutzung bekannt werden.<\/p>\n\n\n\n<p><strong>Auskunft, L\u00f6schung, Sperrung<\/strong><\/p>\n\n\n\n<p>Sie haben jederzeit das Recht auf unentgeltliche Auskunft \u00fcber Ihre gespeicherten personenbezogenen Daten, deren Herkunft und Empf\u00e4nger und den Zweck der Datenverarbeitung sowie ein Recht auf Berichtigung, Sperrung oder L\u00f6schung dieser Daten. Hierzu sowie zu weiteren Fragen zum Thema personenbezogene Daten k\u00f6nnen Sie sich jederzeit unter der im Impressum angegebenen Adresse an uns wenden.<\/p>\n\n\n\n<p><strong>Widerspruch Werbe-Mails<\/strong><\/p>\n\n\n\n<p>Der Nutzung von im Rahmen der Impressumspflicht ver\u00f6ffentlichten Kontaktdaten zur \u00dcbersendung von nicht ausdr\u00fccklich angeforderter Werbung und Informationsmaterialien wird hiermit widersprochen. Die Betreiber der Seiten behalten sich ausdr\u00fccklich rechtliche Schritte im Falle der unverlangten Zusendung von Werbeinformationen, etwa durch Spam-E-Mails, vor.<\/p>\n\n\n\n<p><strong>SSL-Verschl\u00fcsselung<\/strong><\/p>\n\n\n\n<p>Diese Seite nutzt aus Gr\u00fcnden der Sicherheit und zum Schutz der \u00dcbertragung vertraulicher Inhalte, wie zum Beispiel der Anfragen, die Sie an uns als Seitenbetreiber senden, eine SSL-Verschl\u00fcsselung. Eine verschl\u00fcsselte Verbindung erkennen Sie daran, dass die Adresszeile des Browsers von \u201ehttp:\/\/\u201c auf \u201ehttps:\/\/\u201c wechselt und an dem Schloss-Symbol in Ihrer Browserzeile. Wenn die SSL Verschl\u00fcsselung aktiviert ist, k\u00f6nnen die Daten, die Sie an uns \u00fcbermitteln, nicht von Dritten mitgelesen werden.<\/p>\n\n\n\n<p><strong>Datenschutzerkl\u00e4rung Google Maps<\/strong><\/p>\n\n\n\n<p>Diese Webseite verwendet das Produkt Google Maps von Google Inc. Durch Nutzung dieser Webseite erkl\u00e4ren Sie sich mit der Erfassung, Bearbeitung sowie Nutzung der automatisiert erhobenen Daten durch Google Inc, deren Vertreter sowie Dritter einverstanden. Die Nutzungsbedingungen von Google Maps finden sie unter \u201eNutzungsbedingungen von Google Maps\u201c.<\/p>\n","protected":false},"excerpt":{"rendered":"<p>Die Betreiberin dieser Seiten nimmt den Schutz Ihrer pers\u00f6nlichen Daten sehr&nbsp;ernst. Ich behandle Ihre personenbezogenen Daten vertraulich und entsprechend&nbsp;der gesetzlichen Datenschutzvorschriften sowie dieser Datenschutzerkl\u00e4rung. Die Nutzung meiner Webseite ist in &#8230;<\/p>\n","protected":false},"author":2,"featured_media":0,"parent":1765,"menu_order":40,"comment_status":"closed","ping_status":"closed","template":"","meta":{"footnotes":""},"class_list":["post-1893","page","type-page","status-publish","hentry"],"_links":{"self":[{"href":"https:\/\/www.nikolakrenzler.de\/index.php?rest_route=\/wp\/v2\/pages\/1893","targetHints":{"allow":["GET"]}}],"collection":[{"href":"https:\/\/www.nikolakrenzler.de\/index.php?rest_route=\/wp\/v2\/pages"}],"about":[{"href":"https:\/\/www.nikolakrenzler.de\/index.php?rest_route=\/wp\/v2\/types\/page"}],"author":[{"embeddable":true,"href":"https:\/\/www.nikolakrenzler.de\/index.php?rest_route=\/wp\/v2\/users\/2"}],"replies":[{"embeddable":true,"href":"https:\/\/www.nikolakrenzler.de\/index.php?rest_route=%2Fwp%2Fv2%2Fcomments&post=1893"}],"version-history":[{"count":1,"href":"https:\/\/www.nikolakrenzler.de\/index.php?rest_route=\/wp\/v2\/pages\/1893\/revisions"}],"predecessor-version":[{"id":2335,"href":"https:\/\/www.nikolakrenzler.de\/index.php?rest_route=\/wp\/v2\/pages\/1893\/revisions\/2335"}],"up":[{"embeddable":true,"href":"https:\/\/www.nikolakrenzler.de\/index.php?rest_route=\/wp\/v2\/pages\/1765"}],"wp:attachment":[{"href":"https:\/\/www.nikolakrenzler.de\/index.php?rest_route=%2Fwp%2Fv2%2Fmedia&parent=1893"}],"curies":[{"name":"wp","href":"https:\/\/api.w.org\/{rel}","templated":true}]}}